{"id":30,"date":"2014-07-13T03:32:18","date_gmt":"2014-07-13T02:32:18","guid":{"rendered":"http:\/\/cttbussy.free.fr\/?page_id=30"},"modified":"2014-07-13T03:32:18","modified_gmt":"2014-07-13T02:32:18","slug":"reglement-et-horaires","status":"publish","type":"page","link":"https:\/\/www.cttbsg.domosite.fr\/index.php\/infos-pratiques\/reglement-et-horaires\/","title":{"rendered":"R\u00e8glement et horaires"},"content":{"rendered":"<p><strong>REGLEMENT INTERIEUR\u00a0:<\/strong><\/p>\n<p>1. Les adh\u00e9rents doivent se conformer aux r\u00e8glements g\u00e9n\u00e9raux des gymnases de Bussy-Saint-Georges (port d\u2019une paire de chaussures propres diff\u00e9rente de celle utilis\u00e9e en ext\u00e9rieure et interdiction de passer par la sortie de secours notamment).<\/p>\n<p>2. Les entra\u00eenements et comp\u00e9titions \u00e0 domicile ont lieu dans le gymnase <strong>Laura FLESSEL<\/strong> (salle Multi activit\u00e9) aux jours et heures suivantes (hors cong\u00e9s scolaires) :<\/p>\n<p>3. L&#8217;ouverture de la salle se fait sous la responsabilit\u00e9 d\u2019un adulte licenci\u00e9 et d\u00e9sign\u00e9 du club.<\/p>\n<table style=\"height: 403px;\" width=\"637\">\n<tbody>\n<tr>\n<td rowspan=\"2\" width=\"94\">Mardi<\/td>\n<td width=\"94\"><span style=\"color: #0000ff;\"><strong>18h30 20h00<\/strong><\/span><\/td>\n<td width=\"415\">Entra\u00eenement Jeunes Comp\u00e9titeurs (1h30) \u2013 Jeu libre<\/td>\n<\/tr>\n<tr>\n<td width=\"94\"><strong>20h00 22h30<\/strong><\/td>\n<td width=\"415\">Comp\u00e9tition Ufolep \u2013 Entra\u00eenement Adultes (1h30 \/ d\u00e9but 20h00) &#8211; Jeu libre.<\/td>\n<\/tr>\n<tr>\n<td rowspan=\"2\" width=\"94\">Mercredi<\/td>\n<td width=\"94\"><span style=\"color: #00ff00;\"><strong>17h00 18h15<\/strong><\/span><\/td>\n<td width=\"415\">Groupe 1 \u2013 Entra\u00eenement Jeunes.<\/td>\n<\/tr>\n<tr>\n<td width=\"94\"><span style=\"color: #ffcc00;\"><strong>18h15 19h30<\/strong><\/span><\/td>\n<td width=\"415\">Groupe 2 \u2013 Entra\u00eenement Jeunes.<\/td>\n<\/tr>\n<tr>\n<td width=\"94\">Jeudi<\/td>\n<td width=\"94\"><strong>20h00 22h30<\/strong><\/td>\n<td width=\"415\">Jeu Libre &#8211; <em>Attention demi salle\u00a0! Privil\u00e9gier joueurs non comp\u00e9titeursou doubles <\/em><\/td>\n<\/tr>\n<tr>\n<td width=\"94\">Vendredi<\/td>\n<td width=\"94\"><strong>18h00 22h30<\/strong><\/td>\n<td width=\"415\">Comp\u00e9tition FFTT \u2013 Jeu libre.<\/td>\n<\/tr>\n<tr>\n<td width=\"94\">Samedi<\/td>\n<td width=\"94\"><strong>14h00 19h30<\/strong><\/td>\n<td width=\"415\">Comp\u00e9tition FFTT \u2013 Jeu Libre.<\/td>\n<\/tr>\n<tr>\n<td width=\"94\">Dimanche<\/td>\n<td width=\"94\"><strong>09h30 12h30<\/strong><\/td>\n<td width=\"415\">Jeu libre \u2013 Attention demi salle\u00a0!<\/td>\n<\/tr>\n<tr>\n<td colspan=\"3\" width=\"604\">Le jeu libre du mardi, du vendredi et du samedi sera en fonction des comp\u00e9titions Ufolep et Fftt et des besoins li\u00e9s aux entrainements. Les pongistes jeu libre devront le cas \u00e9ch\u00e9ant lib\u00e9rer les tables aux deux activit\u00e9s mentionn\u00e9es ci-dessus.<\/td>\n<\/tr>\n<\/tbody>\n<\/table>\n<p>4. Il est strictement interdit de venir et de jouer avec une personne non licenci\u00e9 au club sauf autorisation du conseil d\u2019administration.<\/p>\n<p>5. Chaque licenci\u00e9 doit \u00eatre en mesure de pr\u00e9senter sa licence \u00e0 chaque s\u00e9ance.<\/p>\n<p>6. L\u2019installation et le rangement du mat\u00e9riel sont assur\u00e9s par l\u2019ensemble des adh\u00e9rents. Il est imp\u00e9ratif d\u2019arriver \u00e0 l\u2019heure les jours d\u2019entra\u00eenement et de comp\u00e9tition.<\/p>\n<p>7. Tous les adh\u00e9rents s\u2019engagent \u00e0 respecter les entraineurs, les partenaires d\u2019entra\u00eenement et lors des comp\u00e9titions les adversaires des clubs rencontr\u00e9s.<\/p>\n<p>8. Chaque capitaine est responsable de la composition de son \u00e9quipe (pr\u00e9venir les joueurs retenus de la date, de l\u2019heure et du lieu de rendez-vous), de la r\u00e9daction et la conservation des feuilles de matchs. En cas de forfait, il doit avertir son responsable FFTT ou UFOLEP.<\/p>\n<p>9. Les balles sont fournies par le club pour les comp\u00e9titions officielles et les entra\u00eenements encadr\u00e9s ; pour le jeu libre, les adh\u00e9rents doivent se munir de leurs balles personnelles.<\/p>\n<p>10. La tenue est compos\u00e9e de chaussures de salle (une paire diff\u00e9rente de celle utilis\u00e9e en ext\u00e9rieur), d\u2019un maillot et d\u2019un short ou tenue sportive pour les jours d\u2019entra\u00eenement ; de la tenue du club pour les jours de comp\u00e9tition.<\/p>\n<p>&nbsp;<\/p>\n<div>\n<p>&nbsp;<\/p>\n<p>&nbsp;<\/p>\n<\/div>\n","protected":false},"excerpt":{"rendered":"<p>REGLEMENT INTERIEUR\u00a0: 1. Les adh\u00e9rents doivent se conformer aux r\u00e8glements g\u00e9n\u00e9raux des gymnases de Bussy-Saint-Georges (port d\u2019une paire de chaussures propres diff\u00e9rente de celle utilis\u00e9e en ext\u00e9rieure et interdiction de passer par la sortie de secours notamment). 2. Les entra\u00eenements et comp\u00e9titions \u00e0 domicile ont lieu dans le gymnase Laura FLESSEL (salle Multi activit\u00e9) aux &hellip; <a href=\"https:\/\/www.cttbsg.domosite.fr\/index.php\/infos-pratiques\/reglement-et-horaires\/\" class=\"more-link\">Continue reading <span class=\"screen-reader-text\">R\u00e8glement et horaires<\/span> <span class=\"meta-nav\">&rarr;<\/span><\/a><\/p>\n","protected":false},"author":1,"featured_media":0,"parent":26,"menu_order":1,"comment_status":"closed","ping_status":"closed","template":"","meta":{"footnotes":""},"class_list":["post-30","page","type-page","status-publish","hentry"],"_links":{"self":[{"href":"https:\/\/www.cttbsg.domosite.fr\/index.php\/wp-json\/wp\/v2\/pages\/30","targetHints":{"allow":["GET"]}}],"collection":[{"href":"https:\/\/www.cttbsg.domosite.fr\/index.php\/wp-json\/wp\/v2\/pages"}],"about":[{"href":"https:\/\/www.cttbsg.domosite.fr\/index.php\/wp-json\/wp\/v2\/types\/page"}],"author":[{"embeddable":true,"href":"https:\/\/www.cttbsg.domosite.fr\/index.php\/wp-json\/wp\/v2\/users\/1"}],"replies":[{"embeddable":true,"href":"https:\/\/www.cttbsg.domosite.fr\/index.php\/wp-json\/wp\/v2\/comments?post=30"}],"version-history":[{"count":0,"href":"https:\/\/www.cttbsg.domosite.fr\/index.php\/wp-json\/wp\/v2\/pages\/30\/revisions"}],"up":[{"embeddable":true,"href":"https:\/\/www.cttbsg.domosite.fr\/index.php\/wp-json\/wp\/v2\/pages\/26"}],"wp:attachment":[{"href":"https:\/\/www.cttbsg.domosite.fr\/index.php\/wp-json\/wp\/v2\/media?parent=30"}],"curies":[{"name":"wp","href":"https:\/\/api.w.org\/{rel}","templated":true}]}}